 Let u = s + f. What is the highest common factor of 2 and u?
2
Let t be 80*(4/(-2))/1. Let m be (8/20)/((-1)/t). Calculate the greatest common factor of 8 and m.
8
Let s(f) be the first derivative of 27*f**2 + 3*f - 1. Let h be s(3). Calculate the highest common factor of h and 15.
15
Suppose 0*n + 2*n = 8. Calculate the greatest common factor of n and 2.
2
Let h(t) = 5*t. Suppose -1 = x - 2*x. Let v = x + 3. Let a be h(v). What is the greatest common divisor of a and 5?
5
Suppose 0*y + 5*y = 65. Let x = -7 + y. Calculate the greatest common factor of x and 6.
6
Let u(a) = -a + 1. Let n be u(-1). Suppose 12 = n*r + 2. Suppose -4*z - 27 = -3*i + 55, 142 = r*i - 4*z. Calculate the greatest common divisor of 45 and i.
15
Suppose 2*y = 2*h - 5*h + 172, 4*h - 2*y = 248. What is the greatest common divisor of h and 12?
12
Let o(j) = -8*j**3 - j - 3. Let b be o(-2). Calculate the greatest common factor of 21 and b.
21
Let l = -7 - -21. What is the greatest common factor of l and 154?
14
Suppose -4*y = 3*d - 0*y - 45, -2*d + 30 = 4*y. Let m be 2 - -5*4 - 1. Let r = m - d. What is the highest common factor of 18 and r?
6
Suppose -i + 0*i + 21 = 0. What is the highest common factor of 42 and i?
21
Suppose 3 = 2*g + 11. Let v be 1/g + (-3)/(-12). Suppose 4*o - h - 17 = 0, -o + 3*h + 2*h - 10 = v. Calculate the greatest common factor of o and 45.
5
Let k = 38 - 22. Suppose -3*f - k = 5. Let a(i) = i**2 + 6*i - 1. Let g be a(f). Calculate the greatest common divisor of g and 66.
6
Let i = 56 + -30. Suppose -214 = 2*a - 2*b, a - 2*b + 102 = -6*b. Let w = -67 - a. Calculate the highest common factor of w and i.
13
Suppose -234 = -2*l + 16. What is the highest common factor of l and 25?
25
Suppose 3*f + 4*q - 25 = 0, -6*q - 8 = -2*q. Suppose -4*w = -38 - 66. Let v = 29 + w. Calculate the greatest common factor of f and v.
11
Let v(z) = -21*z. Let s be v(-4). Suppose -4*t + 28 = -108. Let y = t + -22. What is the highest common factor of y and s?
12
Suppose 21 = -3*a - 297. Let r = -54 - a. Suppose l + 3*l = r. What is the greatest common divisor of l and 13?
13
Suppose -20*c + 19*c = -61. Let l = c - 38. Calculate the highest common divisor of 69 and l.
23
Suppose 5*i = 2*x + 38, 5*i = i + 4*x + 40. Calculate the greatest common divisor of 24 and i.
6
Suppose 3*g = 3*u - 0*g - 12, -u + 2*g = -2. Suppose -42 + u = -3*f. Calculate the highest common divisor of f and 48.
12
Let b = 19 + 6. Suppose 0 = 3*z - 64 + b. Calculate the greatest common divisor of 104 and z.
13
Suppose 3*h + 10 = 5*i, -4*h + 13 = -7. Suppose -x + 773 = i*z - 5*x, z - 2*x - 157 = 0. What is the greatest common factor of z and 17?
17
Let i = -8 + 3. Let m be (-1 - -1) + -3 - i. Suppose -m*w = w - 120. Calculate the greatest common divisor of 60 and w.
20
Suppose -2*h + 4*x = -12, -5*h - 2*x = -6*x - 36. What is the greatest common factor of 12 and h?
4
Suppose 0*c - 4*c + 17 = 5*k, 0 = -3*k - 3*c + 9. Let f be (k/10)/((-1)/(-12)). Suppose -9 = -i - 3. What is the greatest common factor of f and i?
6
Let q(o) = 9*o**3 + 4*o**2 - 6*o - 1. Let k be q(2). Calculate the greatest common factor of 15 and k.
15
Suppose -6*g = -2*g - 20. Let y be (-3)/7 + (-304)/(-56). Let m be -1 + 5/(y/16). What is the highest common divisor of g and m?
5
Suppose 0 = -5*y + 3*y + 18. Let l = 1 + 1. Suppose 2*f - 144 = -l*f. Calculate the highest common divisor of y and f.
9
Let t(z) = -z**2 - 8*z - 6. Let b(s) = -2*s**2 - s + 2. Let v be b(-2). Let c be t(v). Suppose 333 - 3 = 3*y. Calculate the greatest common factor of y and c.
10
Suppose 4*m = -2*u + 32, m = 3*u + 5 + 10. Calculate the highest common divisor of m and 63.
9
Let k(j) = 3*j - 1 + 4 + 2 - 4. Let i be k(1). Calculate the highest common factor of 10 and i.
2
Let u = 221 - 120. Suppose h - u = 456. Let y = h - 381. What is the highest common factor of 16 and y?
16
Let v(o) = 4*o - o - 5 + o + 3*o**2. Let j be v(5). Let n = 33 - 18. Calculate the greatest common divisor of n and j.
15
Suppose -4*r - 6 + 226 = 0. Calculate the highest common divisor of r and 5.
5
Suppose -a + 2*a = 40. Let f be (-160)/(-8) + 1 + -3. Let y be (5/(-3))/((-3)/f). What is the greatest common factor of a and y?
10
Let x be (-8)/(-20) + 16/10. Suppose 39 = 5*a - x*a. Suppose 2*d + 4*z = z + 26, d = 3*z + 13. What is the greatest common factor of a and d?
13
Let q be (1 + 5)*2 + (6 - 4). Calculate the highest common divisor of 14 and q.
14
Suppose -v + 660 = 9*v. Calculate the greatest common divisor of v and 6.
6
Suppose -5 = -5*y, 0*p - 5*y = 4*p - 5. Suppose 2*w = 3*n + 34, -2*w = -n - p*n - 38. What is the highest common divisor of w and 80?
20
Let y = 256 - 157. Calculate the greatest common factor of y and 9.
9
Let f(t) = 3*t + 8. Let i be f(6). Let b = 1 - 0. Let l be 14 - (-1 + 2)/b. What is the highest common divisor of l and i?
13
Suppose 0 = 4*o - 3*d - 78, -2*d = -4*o - 27 + 103. Calculate the greatest common divisor of o and 144.
18
Let p = -7 + 10. Suppose 3*h - 4*h = 5*c - 20, 0 = -p*h + 4*c + 117. Let o(r) = 4*r + 1. Let i be o(1). What is the greatest common factor of i and h?
5
Let g(d) = -d**3 - 12*d**2 - 5*d - 16. Let c be g(-12). Suppose -2*i - o = 4*o - c, 2*o = 4*i - 64. Calculate the greatest common divisor of i and 119.
17
Let a be (24/(-20))/(12/(-160)). What is the greatest common factor of a and 24?
8
Let n be 2*(-2)/4*-108. Let a = -75 + 87. Calculate the greatest common divisor of a and n.
12
Let i be (-1)/(4/(-108) - 0). What is the highest common factor of 3 and i?
3
Let n(r) be the third derivative of r**6/120 - r**5/30 - r**4/6 - r**3/3 + 3*r**2. Let o be n(4). Calculate the highest common divisor of o and 56.
14
Suppose 10 = 3*z + 7. Calculate the highest common factor of z and 3.
1
Let i be (4/10)/((-2)/(-10)). Let h be 3/6*3*i. Let x be 44 - (-3 + h - -2). Calculate the greatest common divisor of x and 21.
21
Let b = 304 - 142. Suppose 7*k = 2*k + 10, 3*n - b = 3*k. Let g = 18 - 10. Calculate the greatest common factor of g and n.
8
Let q be (-1292)/(-38) + 1*(3 - 1). What is the greatest common divisor of q and 180?
36
Let w(y) = 4 + y**2 - 2*y - 3 + 2 - 1. Let x be w(4). Calculate the greatest common factor of 20 and x.
10
Suppose 2*h = -4*m - m + 35, 5*m + 65 = 3*h. Calculate the highest common divisor of h and 4.
4
Let g(k) = 16*k - 1. Let v be g(1). What is the greatest common factor of v and 5?
5
Let g = -29 - -32. What is the greatest common divisor of 33 and g?
3
Let j be 5/(-20) + (-13)/(-4). Suppose -7 = -0*l - 2*l - 5*z, 0 = l + 5*z - 6. Calculate the greatest common factor of l and j.
1
Let h(t) = t**3 - 6*t**2 + 5*t. Let n be h(5). Suppose n = 5*d - 13*d + 432. Calculate the greatest common factor of d and 36.
18
Let c(z) = -z + 14. Let b be c(0). Let s = b - 5. Calculate the highest common factor of s and 63.
9
Let r = 7 + -2. Let i(w) = 2*w + 40 - 2*w - w. Let k be i(0). What is the highest common factor of r and k?
5
Let p be (-4)/14 - (-163)/7. Suppose -5*l - p - 1 = -2*f, -12 = -f - l. What is the highest common divisor of 6 and f?
6
Let i be 1*(0 + 0) + 3. Suppose i*f + 8 = 23. Suppose -j + 25 = 4*j. Calculate the greatest common divisor of f and j.
5
Suppose 4*b = -4*p, -b - 3 = -4*p + 2. Let j(m) = -16*m**3 + 2*m + 1. Let k be j(b). What is the greatest common divisor of k and 165?
15
Suppose -h + 4*h = 297. Let o = 10 + -1. Calculate the highest common divisor of h and o.
9
Let m be (-44 + 2)/(-1) - 2. Suppose 0 = 2*i + i - 30. What is the greatest common divisor of m and i?
10
Suppose 3*o - 5*o = -26. What is the greatest common divisor of o and 104?
13
Let y be -2*(-3)/(-6) + 3. What is the greatest common divisor of y and 1?
1
Let n(r) be the third derivative of -r**5/30 + 7*r**4/24 + 3*r**3/2 - 2*r**2. Let h be n(8). Let v = h - -128. Calculate the greatest common factor of v and 26.
13
Let s = 24 + -10. Suppose -4*h + 2*h = 4. Let z be (-508)/(-4) - (h - -3). What is the highest common divisor of s and z?
14
Let k = -4 - 0. Let u be k/(-5)*(11 + -6). Let x be u*(-3)/9*-6. Calculate the greatest common divisor of 20 and x.
4
Suppose -2*i - 2*s = -44, -i = 4*i - 2*s - 82. What is the highest common divisor of 72 and i?
18
Let a be 60/(95/20 + -4). Calculate the greatest common divisor of a and 5.
5
Let v = -9